). List the prime factors of 79/(-2)*(l + 0).
79
Suppose -5*y + 301 = 76. Let u(l) = -5*l + 37. Let g be u(8). What are the prime factors of (-3)/(g/y + 0)?
3, 5
Let l be 3*(-15)/((-45)/12). List the prime factors of -2*(-3)/(-6) + 516/l.
2, 3, 7
Let a be (36/63)/((-6)/(-7))*-18. What are the prime factors of 14*(-777)/(-36) + 2/a?
2, 151
Suppose 85737 + 41636 = 11*f - 58197. List the prime factors of f.
2, 5, 7, 241
Let a = -275 - -770. Let w = 724 - a. What are the prime factors of w?
229
Suppose -8 = -10*u + 42. Suppose 716 = u*w - n, -5*w - 12*n + 740 = -7*n. What are the prime factors of w?
2, 3
Let s(v) = 12728*v + 165. List the prime factors of s(1).
12893
Let u(r) = -36*r**3 + 7*r**2 + 234*r - 18. What are the prime factors of u(-11)?
46171
Suppose -16 - 20 = -6*l. Suppose -d = l*d - 2660. List the prime factors of d.
2, 5, 19
Suppose -692417 - 132703 = -160*n. What are the prime factors of n?
3, 191
Suppose 0 = 11*u - 29*u + 54. Suppose 0 = 2*h - u*l - 0*l - 1057, 15 = 3*l. List the prime factors of h.
2, 67
Let d(r) = -115*r**2 - 6*r - 15. Let c be d(-2). Let z = 313 - c. What are the prime factors of z?
2, 97
Let g(v) = -220*v**3 - 29*v**2 - 10*v - 36. What are the prime factors of g(-4)?
2, 3, 5, 227
Let g be 1*12*(-11)/(55/(-80)). Suppose -n = 4, -2*n - 2*n - g = 4*h. List the prime factors of (89/2)/(h/(-8) + -5).
89
Suppose -5*z - 78 = 42. Let y = z - -30. Suppose 12 = -y*x + 8*x. List the prime factors of x.
2, 3
Suppose 4*k - 6 + 218 = -2*x, -2*x + 5*k - 248 = 0. Let n = x + 187. Suppose -2*s = -n + 5. List the prime factors of s.
2, 17
Suppose -7*u = -6*u. Suppose 5*x - 30*x + 14425 = u. What are the prime factors of x?
577
Suppose 5*v - 5826 - 53476 - 15328 = 0. What are the prime factors of v?
2, 17, 439
Let a be (-10)/(140/259) + 2/4. Let p = 17 + a. What are the prime factors of (12 - -9) + (-2 - p)?
2, 5
Let b = -82 - -55. Let v = 1315 - 1210. Let s = v + b. List the prime factors of s.
2, 3, 13
Let a(h) = 22*h**3 + 3*h**2 + 16*h - 2. What are the prime factors of a(6)?
2, 2477
Suppose -24*p = -1277 - 10219. Let j = -138 + p. List the prime factors of j.
11, 31
Suppose -7*h - 4 = -18. Suppose r = 4*o + 194, -6*r + h*o + 970 = -r. What are the prime factors of r?
2, 97
Let f be (-1401)/6 - (-5 + (-50)/(-20)). Let t(r) = 26*r - 6. Let v be t(-5). Let x = v - f. List the prime factors of x.
5, 19
Suppose -5*p - 61 = -96, -87565 = -3*j + 5*p. List the prime factors of j.
2, 5, 73
Suppose 0 = -4*l + b + 13, -5*l = -4*l + 2*b - 10. Suppose -l*t + 400 = 4*a, -2*t = -4*t - 5*a + 212. What are the prime factors of t?
2, 3
List the prime factors of ((-3981)/(-2) - -3)/(5/((-480)/(-18))).
2, 3, 443
Suppose 25*c = -48405 + 160380. Let y = -3089 + c. List the prime factors of y.
2, 5, 139
What are the prime factors of 396084/14 - (1581/(-119) - -13)?
2, 11, 643
Let q = 131 + -233. Let y be (5 - q/(-12))/(2/(-36)). What are the prime factors of 12618/y - 4/14?
2, 5
Suppose 2*x + 4*u = -8, -8*u = -2*x - 6*u + 10. Let a be 736/69 + x/(-3). Let j(k) = 31*k - 34. What are the prime factors of j(a)?
2, 3, 23
Let f be ((-12)/(-4))/(9/12). Let a(t) = -f + 2 + 14*t - 8*t - 3*t + 19*t**2. What are the prime factors of a(1)?
2, 5
Suppose -5*k - 8319 = -3*d, -d + 43*k = 45*k - 2762. What are the prime factors of d?
2, 173
Let v(g) be the third derivative of g**6/60 - 2*g**5/15 - 3*g**4/8 + 38*g**3/3 + 204*g**2. List the prime factors of v(8).
2, 3, 43
Suppose -186 = 5*t - 2*t. Let z = t + 65. List the prime factors of (z + -3 + -29)/((-2)/8).
2, 29
Suppose -4*o + 3*i + 162468 = 0, 117904 = 4*o + 5*i - 44500. What are the prime factors of o?
3, 13537
List the prime factors of 28/(-4) - (-60092)/((-56)/(-14)).
2, 1877
Suppose 13 = 3*i - 2. Suppose 0 = -j - 13*j + 42. Suppose -i*p + 24 = j*p. What are the prime factors of p?
3
Let m(h) = -2*h**3 - 15*h**2 - 19*h - 10. Let j be m(-6). Let b be (-3 - -1) + (-1 - -24). What are the prime factors of j/14 + 2652/b?
2, 3, 7
Let g = -20475 + 78102. What are the prime factors of g?
3, 19, 337
Let t = -14648 + 77896. List the prime factors of t.
2, 59, 67
Let q be 10/4*(-12)/(-6). Suppose d - b = 9, b - 41 = -q*d + 5*b. Suppose 5*j - 5*l - 521 = -141, 400 = d*j - l. List the prime factors of j.
3
Suppose -4*t - 2*h = 56, -3*t + h = 2*t + 63. Let z = -11 - t. Suppose 3*b - u - 67 = 0, -z*b + 5*u = b - 71. What are the prime factors of b?
2, 11
Let y be -10 - (-8)/6*(-12)/(-8). Let f(r) = -r. Let k(d) = -d**3 - 7*d**2 - 9*d - 31. Let a(z) = -2*f(z) + k(z). List the prime factors of a(y).
89
List the prime factors of (-3)/(-15) - ((-770833)/(-35) + 4)*-1.
2, 5507
What are the prime factors of -4*(-492545)/50 - (6 + (-288)/45)?
2, 9851
Let v = 84 - 79. Suppose -v*a + 207 = 4*f, -107 - 4 = -2*f + 5*a. What are the prime factors of f?
53
Suppose 110*w - 113*w - 249 = 0. Let i = w + 71. Let g = i + 195. List the prime factors of g.
3, 61
Let f(l) = 24*l**2 - 21*l - 91. Let o be f(23). Suppose 16*x + o = 45*x. What are the prime factors of x?
2, 11, 19
Suppose 54*c - 52*c = -2*w + 139808, -3*w + 209726 = c. List the prime factors of w.
69911
Let j = -1729 - -3013. What are the prime factors of j?
2, 3, 107
Let g(a) = -a - 18. Let z(j) = 6*j + 19 - 5*j + 0. Let n(q) = -4*g(q) - 3*z(q). List the prime factors of n(-4).
11
Let n = 2795 - 482. Let x = n + -905. What are the prime factors of x?
2, 11
Let d(f) = -42*f + 8951. What are the prime factors of d(0)?
8951
Let c(z) = -z + 7. Let a be c(4). Suppose d - 7 = -2*o, o - a*d = -3*o - 11. What are the prime factors of 4*(o - 0) - -60?
2
What are the prime factors of (5776878/60)/43*10?
22391
Suppose -4*v + 306*b - 311*b + 18759 = 0, 5*v - 23457 = 2*b. List the prime factors of v.
4691
Suppose 6*k + 2450 = 2450. Suppose k = -5*r + v + 4936, -2*r - v + 1968 = -3*v. List the prime factors of r.
2, 13, 19
Suppose 0 = w + 3*i - 37237, 0 = -3*w + i + 64645 + 47046. What are the prime factors of w?
31, 1201
Suppose -4*f - 3*y + 28 = -7*y, -5*y + 15 = 5*f. Let u(s) = -8*s**3 + 5*s**2 + 0 - 5 + 9*s**3 - 9*s**2 + s. What are the prime factors of u(f)?
5
Suppose 765 = 9*q + 702. What are the prime factors of -4765*4/(-140)*q?
953
Suppose 803514 + 494315 = 64*v - 35099. What are the prime factors of v?
59, 353
What are the prime factors of 0 + ((-297597)/19)/(-1)?
3, 23, 227
Let z(g) = 6*g**3 - 11*g**2 + 52*g + 60. List the prime factors of z(11).
3, 7, 347
Let j(b) = -12*b + 20. Let a(u) = -9*u - 21. Let v be a(-4). Let n(q) = -q + 9. Let y be n(v). What are the prime factors of j(y)?
2, 23
Let q(b) = 11*b**2 + 123*b + 29. Let l(s) = 5*s**2 + 61*s + 15. Let h(t) = -7*l(t) + 3*q(t). What are the prime factors of h(-18)?
2, 3, 7
Let f = -185 - -90. Suppose 12 = 3*v, 0*a = 3*a - 4*v + 4. Let s = a - f. What are the prime factors of s?
3, 11
Suppose 4*c = 17*c + 143. Let b(w) = -w**3 - 11*w**2 - 12*w. Let i(k) = k**3 + 11*k**2 + 11*k + 1. Let p(n) = -4*b(n) - 5*i(n). List the prime factors of p(c).
2, 3
Suppose 64612 = 4*c - 2*u, c + u = 18109 - 1947. List the prime factors of c.
2, 7, 577
Suppose 0 = -2*t - 2*b + 6, 3*t - b + 3 = -0*b. Let m = 155 + -184. What are the prime factors of (t + 3/(-6))*(-5 + m)?
17
Suppose 4*d = -3*s + 1376, -s + 3*d + 221 = -242. What are the prime factors of s?
2, 5, 23
Suppose 0 = 29*t - 8*t - 1092. Suppose -1191 = t*r - 55*r. What are the prime factors of r?
397
List the prime factors of ((-153)/(-34) - -2)/((-3)/(-402)).
13, 67
Suppose -q - 3*x + 226 = 0, 3*x - 656 = -3*q + 5*x. Suppose 8*g - 10*g = -4*t + 900, -t = -3*g - q. List the prime factors of t.
2, 113
Let l = -23482 + 36928. What are the prime factors of l?
2, 3, 83
Let y(m) = m**3 - 10*m**2 + 17*m - 6. Let x be y(8). Let l be 8/3 + x/(-30)*-5. Suppose -n - 210 = -6*r + 3*r, n + l = 0. List the prime factors of r.
3, 23
What are the prime factors of (((-26669)/2)/((-39)/(-130)))/(5/(-6))?
2, 26669
Let v(x) = x**3 + 8*x**2 - 91*x - 10. Let f = 272 - 285. What are the prime factors of v(f)?
2, 41
Let o(z) = -z**2 + 8*z + 5. Let n be o(8). Suppose 0 = 5*i + n*p, -2*p - p = -i + 8. Suppose 4*b = 20, 0 = -d - i*b + 4*b + 85. List the prime factors of d.
5, 19
Let x = -39 + 41. Suppose -4*v + 832 = x*c, v - 624 = -2*v - 3*c. What are the prime factors of (-1)/(828/v - 4)?
2, 13
Let s(f) = 